. Let z = d + 54. Let h = z - 2. List the prime factors of h.
2, 3
Suppose 4*h - 83 - 9 = 0. Suppose 0 = 5*r + h - 33. List the prime factors of r.
2
Suppose 4*r = -l - 251 + 1979, -4*r + 3*l = -1712. What are the prime factors of r?
431
List the prime factors of ((-4180)/(-6))/((-12)/(-18)).
5, 11, 19
Let l = 24 - 26. List the prime factors of l/3 - -257*2/6.
5, 17
Suppose -2*k - 10 = 3*j, -4*k - 3 = 3*j + 5. Let r(i) = 119*i**2 + i. What are the prime factors of r(k)?
2, 3, 5
Let n(z) = -z**3 - 9*z**2 - 2*z - 6. Let d be n(3). Let g = d + 262. What are the prime factors of g?
2, 71
Let s(a) = -61*a + 15. What are the prime factors of s(-4)?
7, 37
Let j be (-4 - (-4 + -4))*27. Let p = j - -31. List the prime factors of p.
139
Suppose -3*p - 3*v - 3 = 0, -4 + 2 = 2*v. Suppose p = 2*t - 199 + 13. List the prime factors of t.
3, 31
Let r(t) = 13*t**3 - t. Let i be r(1). Let a be -36*(-40)/i - 3. Suppose n - 4*n = -a. List the prime factors of n.
3, 13
Suppose 2399 = 5*g - 5786. What are the prime factors of g?
1637
Let h = 45 + -17. Let u = h - 25. What are the prime factors of 2 - (4 - u) - -69?
2, 5, 7
Let f be 9 - 6 - (-3 + 0). Suppose -29 = -5*r - 2*z, 2*r - f*r - 5*z = -30. List the prime factors of r.
5
Let f(x) = -x + 20. Let t be f(0). Suppose -2*j - t = -54. Suppose 5*b + 3*q - j = 0, -3*b + q - 6 = -19. List the prime factors of b.
2
Suppose -4*d = 3*k - 322, d - 934 = -5*k - 386. Let o be (3/(-9))/(1/(-12)). Suppose s - k = -o*s. What are the prime factors of s?
2, 11
Let i = -6 - -8. Suppose -5*q = i*n - 94 - 14, 2*n - 5*q = 148. Let j = n + -38. What are the prime factors of j?
2, 13
Let n = 158 - 73. List the prime factors of n.
5, 17
Let x(t) = 9*t**2 - 4*t - 8. Let q be x(4). Suppose 0 = -13*v + 9*v + q. Let d = v + 10. What are the prime factors of d?
2, 5
Suppose 3*i - 1026 = 2*i - 4*z, -5*z = -5*i + 5105. What are the prime factors of i?
2, 7, 73
Let b(j) = j**2 - 11*j + 16. Let c be b(11). Suppose -z = c - 58. List the prime factors of z.
2, 3, 7
Suppose 5*a = -0*t - 5*t + 15, -5*a + 31 = -3*t. Let i = a + -5. Suppose i = 3*p + 3, -21 = -4*f + 5*p + 12. List the prime factors of f.
7
Let h = 37 - 34. Suppose h*c = 7*c - 320. List the prime factors of c.
2, 5
Let m(o) = 65*o**2 - 3*o. Suppose 4*s - 2*c + 2 = 0, 0 = -4*c - 7 - 5. What are the prime factors of m(s)?
2, 7, 19
Let l(t) = 17*t**2 - 5*t + 17. Let b be l(7). Suppose 4*y - 5*v - b = 488, -4*y - 4*v = -1312. What are the prime factors of y?
3, 109
Suppose 2*z - 1954 = -4*t + 2602, -6 = 3*z. What are the prime factors of t?
2, 3, 5, 19
What are the prime factors of (-48236)/(-40) - 7/(-70)?
2, 3, 67
Let t be (6/2 - 6)*-1. Suppose -2*z + t*h = -127, 2*z = -h + 13 + 110. List the prime factors of z.
2, 31
Suppose 4*a - 1783 = -2*l - 355, -1455 = -2*l + 5*a. List the prime factors of l.
2, 3, 5
Suppose -4*t = -4 - 8. Suppose m + 1 = t. Suppose 4 = -0*b + m*b. What are the prime factors of b?
2
Let n(u) = 3*u**3 - 6*u**2 + 15*u**2 - 2*u**3 - 14 + 6*u. List the prime factors of n(-6).
2, 29
Let p(i) = i**3 + 18*i**2 + 2*i + 39. Let m be p(-18). Suppose 3*c = 2*r - 284, -4*c - 273 = -m*r + 153. What are the prime factors of r?
2, 71
Suppose 40 = -0*z + 3*z - 4*p, -p + 18 = z. Suppose -z*y + 2308 = 228. What are the prime factors of y?
2, 5, 13
What are the prime factors of (-30450)/245*1*-7?
2, 3, 5, 29
Let r be 0/((-2)/(-8)*4). Suppose r = 3*v + 5*w - 164, -2*v - 10 + 146 = -2*w. What are the prime factors of v?
3, 7
Suppose 4*v - 1639 + 155 = 0. What are the prime factors of v?
7, 53
Suppose 6*m - m + 135 = 0. Let q be (-249)/m + (-4)/18. Suppose 4*o = q + 7. List the prime factors of o.
2
What are the prime factors of ((-38)/(-4))/((-8)/(-368))?
19, 23
Let i(u) be the second derivative of 4*u + u**3 + 3/2*u**2 + 0. What are the prime factors of i(3)?
3, 7
Suppose 31*d = 41441 + 54411. List the prime factors of d.
2, 773
Suppose 0*v + 2*v = 0. Suppose -f = -1 - v. List the prime factors of 2 + ((-1)/f - -2).
3
Let q be 11/33*-51*1. Let z = 22 + q. Suppose -z*s + 79 = -136. List the prime factors of s.
43
List the prime factors of (1 + 639/15)/((-19)/(-2375)).
2, 5, 109
Let g(n) be the third derivative of n**5/4 + 5*n**4/24 - 3*n**3/2 - n**2. What are the prime factors of g(3)?
3, 47
Let t(f) = -f**2 - 4*f + 26. Let w be t(-6). What are the prime factors of (w - -6)*11/2?
2, 5, 11
Suppose 1 = -5*q - 9. Let v(p) = -3*p**3 + p + 1. Let u be v(q). Let f = u - 6. What are the prime factors of f?
17
Suppose 5*y + 78*k = 83*k + 18515, y - 3711 = 3*k. List the prime factors of y.
3, 137
Let b be (12/3 - 3)*4. Let y be (-15 - -3)*(-1)/2. Suppose -b = -2*d + y. List the prime factors of d.
5
Let u = -319 + 143. Let j = u - -797. Suppose j = 8*o + 149. What are the prime factors of o?
59
Let x(s) = s + 9. Suppose 2*y + 3 = h, 0*y + 5 = -y. Let z be x(h). Suppose z + 19 = j - 2*r, 0 = 5*r - 5. List the prime factors of j.
23
Let x = -392 + 342. Suppose 2*l - 5*l + 261 = 0. Let t = x + l. List the prime factors of t.
37
Suppose -5*f + 6*f = 1616. List the prime factors of f.
2, 101
Suppose -5*g + 33*g - 20580 = 0. What are the prime factors of g?
3, 5, 7
Let k(t) = -4*t**3 + t**2 + 8*t + 10. Let j be k(-4). Suppose j = -7*z + 12*z. What are the prime factors of z?
2, 5
Suppose 0 = 4*x + 83 + 41. Let r = 105 + x. What are the prime factors of r?
2, 37
Suppose -d - 209 - 129 = 0. List the prime factors of (-6)/(-9) - d/6.
3, 19
Let b(y) = 124*y**2 + 117*y - 1. What are the prime factors of b(-5)?
2, 3, 419
Let t(c) = -c**2 + 13*c + 3. Let u be t(13). Suppose -z + 2*p = 7, z - 2*z - 8 = -u*p. Let m(i) = i**2 - 4*i - 12. List the prime factors of m(z).
3, 11
Suppose 86*s - 5997 = 1485. What are the prime factors of s?
3, 29
Let g(b) = b**2 + 17*b + 12. Let j be g(-16). Let o be 1*(360 - (j - -2)). Suppose -i - o + 57 = -5*v, -2*v + 115 = i. What are the prime factors of v?
2, 3, 5
Let a(f) = 2*f**3 + f**2 + 4*f + 4. Let s(u) = 3*u**3 + 2*u**2 + 5*u + 4. Let b(c) = 4*a(c) - 3*s(c). What are the prime factors of b(-3)?
2, 5
Let i be -5*2*(0 - -1). List the prime factors of (5/i)/(1/(-20)).
2, 5
Let k = -1085 - -1522. List the prime factors of k.
19, 23
Let l(c) be the second derivative of -c**5/20 + c**3/3 + 7*c**2/2 - 14*c. What are the prime factors of l(-4)?
3, 7
Let a be 3 - (4 + (3 - -11)). List the prime factors of (620/a)/(4/(-6)).
2, 31
Let j = 22 - 21. Let s be j*4/(4/127). Let v = s + -81. List the prime factors of v.
2, 23
Suppose 3*q + 16 = q. Let x(p) = -p**3 - 7*p**2 + 7*p - 5. Let h be x(q). Suppose 25 = 3*c + 3*a - 17, 3*a + 30 = h*c. List the prime factors of c.
2, 3
Let k = -8 + 11. Suppose -5*b + k*n = 7*n - 27, 4*n - 3 = 3*b. Suppose -b*s = -3*u - 45 - 3, 104 = 4*s + 4*u. List the prime factors of s.
3, 7
Let o be (1 - (4 + -3)) + 2. Suppose -5*q = -4*y - 231, -o*q - 5*y + 3*y = -78. Suppose -4*p = -155 + q. List the prime factors of p.
2, 7
Let o be ((-143)/(-55) + 2/5)*1. Suppose -o*m + 412 + 98 = 0. What are the prime factors of m?
2, 5, 17
List the prime factors of (8/(-5))/(2/(-1040)*2).
2, 13
Suppose -2*h - 4 = 4. Let f be (-2)/(((-16)/(-6))/h). Suppose 0 = -q + f*q - 80. List the prime factors of q.
2, 5
Let d(o) = -o**3 + 28*o**2 - 140*o - 8. What are the prime factors of d(19)?
7, 83
Let b = -80 - -110. Suppose b = -3*q + 39. What are the prime factors of q?
3
Let d be ((-8)/(-24))/(1/6). Let o be (1 + 0)*-1*(2 - 2). Suppose o = -d*s + 39 + 27. What are the prime factors of s?
3, 11
Suppose -u + 290 = 3*l, -263 = -4*l + 5*u + 111. What are the prime factors of (-4)/3*-82 - 32/l?
109
Let w = -27 - -10. Let l be (-6)/24 + w/(-4). Suppose -l = -2*d + 2*s, -2*s + 10 = d + s. List the prime factors of d.
2
Let g(v) = 9*v + 467. What are the prime factors of g(0)?
467
Let v = -407 - -878. List the prime factors of v.
3, 157
Suppose -7048 = -3*o - 2*i, -101*i + 20 = -97*i. List the prime factors of o.
2, 3, 17, 23
Suppose -5*c = 3*x - 7154, -5*x + 12077 = 4*c + 171. List the prime factors of x.
2, 29, 41
Let z(i) = -i**3 - 4*i**2 - 3*i - 7. Let j be z(-4). What are the prime factors of j + 4 + -6 - (-85 - 0)?
2, 11
Suppose 336 = 2*r - 102. What are the prime factors of r?
3, 73
Let b(k) = 13*k**2 - 5*k + 7. Suppose -2*p - 3 = -3*p. What are the prime factors of b(p)